ate the remainder when 40590485 is divided by 55.
45
Calculate the remainder when 792894 is divided by 35.
4
What is the remainder when 100268 is divided by 771?
38
Calculate the remainder when 1919488 is divided by 902.
32
Calculate the remainder when 111851 is divided by 11161.
241
Calculate the remainder when 328942 is divided by 938.
642
Calculate the remainder when 161882 is divided by 26896.
506
What is the remainder when 236230 is divided by 13118?
106
What is the remainder when 65609 is divided by 449?
55
What is the remainder when 1934299 is divided by 120893?
11
What is the remainder when 6295233 is divided by 37923?
15
What is the remainder when 1869087 is divided by 56?
31
What is the remainder when 5434452 is divided by 1478?
1324
What is the remainder when 28177732 is divided by 257?
252
Calculate the remainder when 643360 is divided by 1797.
34
What is the remainder when 474472 is divided by 90?
82
What is the remainder when 1480821 is divided by 148015?
671
What is the remainder when 2546587 is divided by 848700?
487
Calculate the remainder when 10657 is divided by 3217.
1006
Calculate the remainder when 5071 is divided by 1583.
322
What is the remainder when 54841 is divided by 7826?
59
What is the remainder when 288541 is divided by 6108?
1465
What is the remainder when 61623 is divided by 7683?
159
Calculate the remainder when 149899723 is divided by 1391.
1390
What is the remainder when 23356 is divided by 22994?
362
Calculate the remainder when 697579863 is divided by 214.
211
Calculate the remainder when 1466284 is divided by 1466268.
16
What is the remainder when 19600368 is divided by 59?
37
What is the remainder when 663384 is divided by 834?
354
What is the remainder when 25869086 is divided by 4358?
4356
What is the remainder when 855342 is divided by 40?
22
What is the remainder when 7798792 is divided by 1608?
1600
Calculate the remainder when 2211352 is divided by 3021.
3001
Calculate the remainder when 3071919 is divided by 3679.
3633
Calculate the remainder when 12162152 is divided by 1105649.
13
Calculate the remainder when 6212 is divided by 2645.
922
Calculate the remainder when 204793 is divided by 70.
43
What is the remainder when 151101 is divided by 1937?
15
Calculate the remainder when 3871247 is divided by 7982.
7959
Calculate the remainder when 47378 is divided by 7889.
44
Calculate the remainder when 86182834 is divided by 43.
41
What is the remainder when 6032708 is divided by 208024?
12
Calculate the remainder when 37599 is divided by 37015.
584
Calculate the remainder when 3423118 is divided by 1711274.
570
What is the remainder when 1842374 is divided by 18423?
74
What is the remainder when 26620818 is divided by 30046?
62
What is the remainder when 18429537 is divided by 6143164?
45
Calculate the remainder when 83778226 is divided by 295.
291
What is the remainder when 36238333 is divided by 1157?
1093
What is the remainder when 327167 is divided by 191?
175
What is the remainder when 15581 is divided by 15158?
423
Calculate the remainder when 139389688 is divided by 8067.
8062
Calculate the remainder when 1156386 is divided by 103.
5
What is the remainder when 465750 is divided by 46490?
850
What is the remainder when 304237 is divided by 1321?
407
What is the remainder when 5383650 is divided by 103?
46
What is the remainder when 80225 is divided by 40046?
133
What is the remainder when 73519 is divided by 533?
498
Calculate the remainder when 420478 is divided by 72.
70
Calculate the remainder when 2053054 is divided by 1104.
718
What is the remainder when 186974 is divided by 831?
830
What is the remainder when 186704641 is divided by 3?
1
Calculate the remainder when 6139142 is divided by 10.
2
Calculate the remainder when 67942900 is divided by 6928.
4
What is the remainder when 3267310 is divided by 3334?
3324
What is the remainder when 16652778 is divided by 2062?
66
What is the remainder when 17962653 is divided by 96?
93
What is the remainder when 64254 is divided by 10701?
48
Calculate the remainder when 2187251 is divided by 84125.
1
Calculate the remainder when 5980287 is divided by 15217.
6
Calculate the remainder when 26478947 is divided by 13239438.
71
What is the remainder when 10132747 is divided by 403?
118
What is the remainder when 3508916 is divided by 2137?
2099
Calculate the remainder when 10402412 is divided by 385274.
14
Calculate the remainder when 2981639 is divided by 504.
479
What is the remainder when 25477879 is divided by 47?
25
Calculate the remainder when 197755 is divided by 332.
215
What is the remainder when 27477466 is divided by 9159117?
115
What is the remainder when 366913 is divided by 329?
78
Calculate the remainder when 113474167 is divided by 1533.
1507
Calculate the remainder when 556053 is divided by 6278.
3589
What is the remainder when 1585976 is divided by 14550?
26
What is the remainder when 462414 is divided by 42033?
51
Calculate the remainder when 18383035 is divided by 16.
11
What is the remainder when 1100734 is divided by 112?
110
What is the remainder when 348844722 is divided by 280?
2
What is the remainder when 66885 is divided by 1765?
1580
Calculate the remainder when 4112484 is divided by 90.
24
Calculate the remainder when 312356 is divided by 363.
176
What is the remainder when 202461 is divided by 20239?
71
Calculate the remainder when 2383873 is divided by 24325.
23
Calculate the remainder when 11697699 is divided by 3899229.
12
What is the remainder when 3103580 is divided by 24246?
92
Calculate the remainder when 5116136 is divided by 284229.
14
Calculate the remainder when 371601 is divided by 128.
17
What is the remainder when 122101528 is divided by 15?
13
What is the remainder when 21874534 is divided by 50871?
4
Calculate the remainder when 8816549 is divided by 489806.
41
What is the remainder when 50024595 is divided by 163?
58
Calculate the remainder when 378335 is divided by 125926.
557
Calculate the remainder when 131891 is divided by 131877.
14
Calculate the remainder when 7014 is divided by 247.
98
What is the remainder when 4452962 is divided by 1328?
178
What is the remainder when 1171195 is divided by 767?
753
Calculate the remainder when 386267 is divided by 133.
35
Calculate the remainder when 280191 is divided by 7184.
15
Calculate the remainder when 479526 is divided by 17625.
3651
What is the remainder when 1008213 is divided by 45?
33
What is the remainder when 14480 is divided by 3204?
1664
What is the remainder when 76813 is divided by 1422?
25
What is the remainder when 11665417 is divided by 2333082?
7
What is the remainder when 1222473 is divided by 611113?
247
What is the remainder when 31522046 is divided by 256?
254
What is the remainder when 41079667 is divided by 998?
989
Calculate the remainder when 92807 is divided by 5364.
1619
What is the remainder when 6089152 is divided by 468?
4
Calculate the remainder when 388365 is divided by 194165.
35
What is the remainder when 2539330 is divided by 105802?
82
Calculate the remainder when 40286 is divided by 1616.
1502
What is the remainder when 841968 is divided by 148?
144
Calculate the remainder when 141018585 is divided by 15577.
4
What is the remainder when 419226 is divided by 888?
90
What is the remainder when 12972962 is divided by 1912?
42
What is the remainder when 12216389 is divided by 488654?
39
Calculate the remainder when 8157264 is divided by 741566.
38
Calculate the remainder when 353433 is divided by 22071.
297
Calculate the remainder when 500472 is divided by 494.
50
Calculate the remainder when 738453 is divided by 428.
153
Calculate the remainder when 292605 is divided by 97499.
108
What is the remainder when 88297 is divided by 1212?
1033
Calculate the remainder when 6817933 is divided by 401053.
32
What is the remainder when 191398 is divided by 66?
64
What is the remainder when 911650 is divided by 203?
180
Calculate the remainder when 607109 is divided by 4978.
4771
What is the remainder when 810248 is divided by 175?
173
Calculate the remainder when 11229495 is divided by 23.
21
Calculate the remainder when 837086 is divided by 121.
8
What is the remainder when 366294 is divided by 2261?
12
Calculate the remainder when 384